tor of g and d.
12
Suppose 128 = 12*m - 1384. Suppose 3*x = -5*n + 79, -3*x - x - 58 = -5*n. What is the highest common factor of n and m?
14
Let l = 20 + 1. Suppose -183*k + 2310 = -113*k. Calculate the highest common divisor of l and k.
3
Suppose 3*x - 1119 = -5*k, 3*k - 413 = -3*x + 256. What is the highest common divisor of k and 4575?
75
Suppose 5*c - 14 = -4. Suppose c*q = -2*f - 1 - 19, 50 = -2*f + 4*q. Let b = f + 20. What is the highest common divisor of b and 35?
5
Let m(o) = 3*o - 31. Let w be m(12). Let z(k) = 7*k - 11. Let f be z(w). Suppose 843 = 5*t - l, -t + 19 + 146 = l. What is the highest common factor of t and f?
24
Let b be (-30)/(-21) - 2385/(-21). What is the highest common divisor of 7360 and b?
115
Let w be 27 - (-9)/((-27)/6). Suppose -v - 2*p - 7 = 0, 2*p - 52 = 3*v + 1. Let h = v + w. What is the highest common divisor of 10 and h?
10
Let h be 2/5*265/2. Calculate the highest common factor of h and 113.
1
Suppose -19*t + 8208 = 1501. Suppose 28 = -t*j + 357*j. What is the highest common factor of j and 14?
7
Let r(s) = 4*s + 4. Let t be r(3). Let u(l) = 9*l - 5*l - 46 + 5*l. Let h be u(6). Calculate the highest common factor of h and t.
8
Let o(c) = c**3 + 9*c**2 - 23*c - 7. Let s be o(-11). Suppose s*w + 1 = -3. Let r be (-12 - w)*2*3/(-6). What is the greatest common divisor of r and 55?
11
Let g = -21 + 72. Suppose 4*q = -5*v + g, 4*q + q - 27 = -v. Suppose 4*r - 4*x = v + 9, 5*x - 40 = -5*r. Calculate the highest common factor of r and 4.
2
Suppose -2*j = -4*p - 262 - 214, 0 = 2*j - p - 464. Let a = j - 216. What is the highest common factor of 63 and a?
7
Let k(i) = -4*i + 7465*i**2 - 7469*i**2 - 5 + 1 + 5*i**3 - 6*i**3. Let h be k(-6). Calculate the greatest common factor of h and 161.
23
Let m(g) = 167*g**2 - 3*g - 14. Let i be m(-1). What is the greatest common factor of 728 and i?
52
Let q be 2/(-9) + ((-3640)/(-63))/(-10). Let w be (-2 + 1/(-3))/(2/q). What is the highest common factor of 28 and w?
7
Let x(m) = m**3 - 5*m + 6. Let w be x(2). Let o = 181 - w. Suppose 3*f + 3*c = o, -3*f + 177 = -11*c + 6*c. What is the greatest common factor of 118 and f?
59
Suppose -33*l + 12*l = -2079. Calculate the greatest common factor of 432 and l.
9
Suppose -s - 30 + 145 = 0. Let z = 551 + -546. Calculate the greatest common divisor of s and z.
5
Let q(n) = n + 12. Let v be q(-4). Let t be -3*v/(-36)*3. Suppose -t*d - d - 11 = f, -5*d = 25. What is the greatest common factor of f and 36?
4
Let d(u) = -u**3 - 8*u**2 - 3*u + 4. Let c be d(-8). Let w = -1845 - -2293. What is the greatest common factor of w and c?
28
Let s = 17378 - 15515. What is the highest common factor of s and 1134?
81
Suppose -3*t - 3*u + 8*u + 660 = 0, 2*u - 6 = 0. Let a = -25832 + 25850. What is the greatest common factor of a and t?
9
Suppose -3*i - 3*u + 36 = 0, -2*i + 6 = 5*u - 18. Let b = 5426 - 5318. Calculate the greatest common factor of i and b.
12
Let v be (((-3312)/(-42))/4)/(13/364). What is the highest common factor of 216 and v?
24
Let g be -66*((-4325)/1250 - (-8)/(-200)). Let p be (126/4)/(3/4). What is the highest common divisor of g and p?
21
Let z(c) = 8*c**2 - 94*c - 544. Let a be z(-6). Calculate the highest common divisor of a and 182.
14
Let s(z) = -z**2 + 11*z + 30. Let v be s(13). Let x be -12*(-132)/18 - v. Let u be 12*3/(-3)*-1. Calculate the greatest common factor of u and x.
12
Let t = -39 + 69. Let c be ((-1044)/t)/((-9)/30). Suppose -2*k + 2*q = -c, -4*q = k - 68 - 0. Calculate the highest common factor of k and 6.
6
Suppose 2*n = 5*n - 5*y - 38, -15 = -n + 4*y. Suppose 711 = n*t + 51. What is the greatest common divisor of t and 80?
20
Suppose -5*i + 3*i + 496 = 3*m, -3*i + 4*m = -727. Suppose -358 - 1952 = -55*y + 22*y. What is the highest common factor of y and i?
35
Let c(u) = 26*u - 13. Let i be c(18). Let s = 988 - i. What is the greatest common factor of s and 41?
41
Let k = -148 - -483. Let n = -203 + k. What is the highest common divisor of 44 and n?
44
Suppose -2*y - t = -8, -t + 5*t - 6 = 5*y. Suppose 11*k - d = 12*k - 121, 0 = 5*k + y*d - 617. Calculate the highest common factor of 200 and k.
25
Let s(h) = h**3 - 43*h**2 + 122*h - 81. Let l be s(40). Let j be -10 - -49 - (-3 - (l + -1)). Calculate the greatest common factor of 12 and j.
4
Suppose 139 + 869 = 2*g + 26*g. What is the greatest common factor of g and 108?
36
Let z(r) = -1 - 15 - 9 + 3 + 17*r. Let b be z(6). Suppose -b = -5*m + 270. Calculate the greatest common factor of m and 42.
14
Let l(b) = -b**3 - 3*b**2 + 5*b + 1. Let o be l(-4). Let j be (o + 4)*(-6 - -76). Let h = -18 + 46. Calculate the highest common divisor of j and h.
14
Let d(z) = -z**2 - 22*z - 57. Let m be d(-15). Suppose 3*r = 3*l + m, -6*l = -r - 9*l + 36. Calculate the highest common divisor of 672 and r.
21
Suppose 2*y = -2*y - 4*b + 6548, -4921 = -3*y - 5*b. What is the greatest common divisor of y and 96?
96
Let q(p) = -p**3 - 6*p**2 + 3*p - 4. Let g be q(-7). Suppose 0 = -5*l - z + 1313, -l + 257 = -90*z + 91*z. What is the highest common factor of g and l?
24
Let q be (153/12)/(6/56). Let k = 388 + q. What is the highest common divisor of k and 13?
13
Suppose -427*d + 340*d = -31407. What is the greatest common divisor of 209 and d?
19
Suppose 0 = 5*t - 48 - 72. Let c(l) = 4 + 3*l - 4*l + 3. Let y be c(-5). What is the highest common divisor of y and t?
12
Let p be 450/(-35)*(-1)/((-6)/(-2128)). Calculate the greatest common factor of p and 24.
24
Let r be 12/9 - 38024/(-291). Calculate the highest common factor of r and 2552.
44
Suppose -9*t = -12*t + 3*m + 21342, 5*t = -m + 35552. What is the highest common factor of 13 and t?
13
Suppose 328*p - 323*p - 120 = 3*t, 26 = p - t. Let m = 98 + -56. Calculate the greatest common divisor of p and m.
21
Suppose -4*l - 28 - 52 = 0. Let o be (l/(-3))/(12/126). Suppose -5*y = 4*d - d - 76, 34 = 3*y - 4*d. What is the greatest common factor of o and y?
14
Suppose 5*s - 2 = n, -66*s = -7*n - 70*s + 25. Let b = -2 + 3. Let a be b + (10 - (0 - -2)). Calculate the greatest common factor of a and n.
3
Let o(x) = 17*x**2 + 24*x - 146. Let w be o(-17). What is the greatest common factor of w and 3?
3
Suppose 3*t - 3*f - 6 = 0, -4*t + 0 = 3*f - 8. Suppose -3*q - 20 = 13. Let h = q + 14. Calculate the highest common divisor of h and t.
1
Let v(o) = o**2 + 17*o - 18. Let b be v(6). Suppose 40*h - 36*h - 160 = 0. What is the greatest common divisor of b and h?
40
Let d be (130/80)/(-13) - 8425/(-8). Calculate the greatest common factor of d and 81.
81
Let x(g) = 4*g - 98. Let z be x(27). Suppose d - s = 5*d - 1797, -2*s + z = 0. Calculate the greatest common factor of 14 and d.
14
Suppose -63 = 5*l + 12. Let q = 34 + l. Calculate the highest common factor of 171 and q.
19
Let s be 155*(-40)/125*(-15)/6. Let k = s + -114. What is the highest common factor of k and 90?
10
Let q(s) = 2*s**2 - 65*s + 32. Let t be q(34). Calculate the highest common divisor of 2 and t.
2
Let a(v) = -3*v + 66. Let o(d) = d - 17. Let w(y) = -2*a(y) - 9*o(y). Let u be w(-15). What is the greatest common divisor of 6 and u?
6
Suppose 44 = 1401*m - 1390*m. Suppose 13 - 1 = 4*u. Suppose -3*n + 5*a + 85 = -2*n, 0 = u*n - m*a - 288. Calculate the highest common factor of n and 20.
20
Suppose 3*i + g = 30, -g = 4*i - 6*g - 21. Let m = 19 - -11. Let d = m - i. What is the greatest common factor of 3 and d?
3
Let j = 86 + -88. Let f be -33 + 136 + j/((-1)/1). Calculate the greatest common factor of f and 21.
21
Let h(z) = -11 - 5 - 6 + 8*z + 2*z**2 + 2. Let f be h(-6). Suppose y - 119 + f = 0. What is the greatest common factor of 46 and y?
23
Suppose 0 = 3*i + 5*j + 15, -10 = -3*j - 19. Suppose i = -3*q + 2*x + 168, -280 = -6*q + q - 2*x. Calculate the highest common factor of q and 112.
56
Let q be -9*(-2 - -1) + (-39 - -159). Calculate the greatest common factor of 344 and q.
43
Let w(r) = r**2 - 60*r + 17. Let i be w(-13). Let u be (-19)/(133/i) + (0 - -1). Let c = u - -165. What is the highest common divisor of 8 and c?
4
Suppose -u + 0*u + 2*a = -8, -2*u - 2*a = -46. Suppose -68 = r - 443. Suppose 10*o = -105 + r. Calculate the greatest common divisor of o and u.
9
Let v = -3 + 7. Let y = 1637 + -1633. Suppose 2*n - v*k = -0*k - y, -4 = n - 3*k. Calculate the gr